s -5705 (base 11) in base 16?
-1d53
What is -20424 (base 5) in base 16?
-554
35775 (base 8) to base 11
105a1
Convert 149 (base 14) to base 9.
320
33551 (base 6) to base 13
2212
Convert -4514 (base 9) to base 5.
-101314
Convert 256 (base 10) to base 16.
100
Convert -11324 (base 6) to base 11.
-1258
Convert 10261 (base 7) to base 6.
15434
Convert -106 (base 16) to base 8.
-406
Convert 4db7 (base 14) to base 7.
54620
a5 (base 16) to base 15
b0
Convert 182b (base 15) to base 4.
1101200
2da2 (base 14) to base 8
17762
Convert 53b (base 14) to base 11.
85a
What is -21150 (base 8) in base 6?
-104440
4362 (base 7) to base 10
1563
131 (base 6) to base 9
61
Convert -11000001010 (base 2) to base 6.
-11054
14671 (base 10) to base 9
22111
Convert -13993 (base 11) to base 7.
-111541
331103 (base 4) to base 11
2a47
What is -3cc (base 14) in base 9?
-1043
-1010110010000 (base 2) to base 4
-1112100
-4447 (base 8) to base 9
-3183
-2817 (base 13) to base 14
-215c
-3264 (base 9) to base 16
-967
What is 200000 (base 3) in base 12?
346
110101111101 (base 2) to base 7
13032
What is 200112101 (base 3) in base 7?
54250
364 (base 7) to base 10
193
-997 (base 16) to base 13
-116b
What is 101001100011010 (base 2) in base 8?
51432
54011 (base 7) to base 9
20322
-14435 (base 11) to base 5
-1123422
What is -40541 (base 6) in base 7?
-21466
What is -18426 (base 10) in base 16?
-47fa
52325 (base 7) to base 2
11001000111001
Convert 1333 (base 7) to base 5.
4024
400 (base 7) to base 2
11000100
Convert -45200 (base 6) to base 9.
-8620
1290 (base 15) to base 2
111101111000
Convert -1101011111 (base 2) to base 5.
-11423
506 (base 10) to base 4
13322
Convert 10094 (base 11) to base 12.
8648
Convert 246 (base 7) to base 11.
110
-112444 (base 5) to base 12
-2478
-23213 (base 5) to base 4
-122103
Convert -35772 (base 9) to base 13.
-aba1
Convert 1364 (base 10) to base 12.
958
Convert 2098 (base 10) to base 8.
4062
What is 5a (base 14) in base 8?
120
What is -3475 (base 8) in base 13?
-ac7
-420 (base 11) to base 5
-4011
Convert c1f (base 16) to base 15.
dbd
What is -3332 (base 9) in base 16?
-99b
-462 (base 9) to base 7
-1052
What is -1111100011 (base 2) in base 10?
-995
What is -12342 (base 7) in base 2?
-110011000000
101011011111010 (base 2) to base 6
251030
Convert -212003 (base 6) to base 2.
-100001110000011
-210 (base 15) to base 6
-2053
What is 54f0 (base 16) in base 8?
52360
What is 11718 (base 12) in base 10?
23492
Convert 26bc (base 15) to base 2.
10000001010101
Convert -c19 (base 14) to base 7.
-6632
1019 (base 12) to base 15
7b9
What is -3a9 (base 12) in base 3?
-202210
What is -18a38 (base 12) in base 14?
-d1c8
Convert 144314 (base 5) to base 12.
3715
Convert 3302 (base 4) to base 12.
182
Convert 205 (base 12) to base 7.
566
What is 222 (base 3) in base 14?
1c
Convert -23601 (base 7) to base 14.
-2338
112011 (base 3) to base 9
464
-4665 (base 9) to base 7
-13043
-242 (base 12) to base 16
-152
What is 39471 (base 12) in base 16?
13255
What is d4 (base 14) in base 12?
136
Convert 2025 (base 11) to base 7.
10561
What is 28031 (base 11) in base 6?
505004
What is 1cd5 (base 15) in base 2?
1100010000011
What is 1b9 (base 13) in base 10?
321
What is 123 (base 7) in base 14?
4a
310214 (base 5) to base 8
23513
15420 (base 7) to base 4
1003212
-12122020 (base 3) to base 6
-31010
What is 1000110011000100 (base 2) in base 4?
20303010
Convert -1001010111010 (base 2) to base 3.
-20120120
What is 3135 (base 6) in base 15?
322
1000010100 (base 2) to base 11
444
Convert -1233 (base 13) to base 7.
-10341
What is 4631 (base 7) in base 2?
11010011000
Convert 443a (base 11) to base 13.
2881
Convert -218c (base 13) to base 16.
-1247
141 (base 9) to base 4
1312
-565 (base 10) to base 14
-2c5
Convert 4102 (base 5) to base 12.
37b
22450 (base 8) to base 14
3676
What is 1ca8 (base 13) in base 12?
2637
Convert 11121102 (base 3) to base 8.
6437
1431 (base 6) to base 5
3004
Convert 9368 (base 16) to base 9.
56678
Convert 1283c (base 14) to base 3.
2022110011
What is -a213 (base 16) in base 2?
-1010001000010011
Convert -30044 (base 6) to base 10.
-3916
What is 16a (base 14) in base 13?
194
What is 4024 (base 6) in base 2?
1101110000
What is -4484 (base 13) in base 6?
-112152
What is 30113031 (base 4) in base 16?
c5cd
1205 (base 8) to base 6
2553
What is -43342 (base 5) in base 14?
-1124
What is -292b5 (base 12) in base 8?
-160151
Convert 10010110100 (base 2) to base 10.
1204
6746 (base 9) to base 14
1b5d
Convert 1010012 (base 3) to base 6.
3435
What is 324 (base 5) in base 2?
1011001
What is -12678 (base 10) in base 3?
-122101120
-111010110 (base 2) to base 14
-258
-32323 (base 4) to base 15
-43a
What is -1686 (base 13) in base 14?
-12d3
-346 (base 9) to base 3
-101120
What is -33601 (base 7) in base 11?
-6452
-37260 (base 9) to base 8
-60652
What is 1971 (base 15) in base 8?
12602
What is 708 (base 11) in base 7?
2331
Convert -2223034 (base 5) to base 15.
-b8e9
What is -1191b (base 13) in base 14?
-bab5
Convert 3661 (base 7) to base 11.
1032
Convert 1121031 (base 4) to base 9.
7743
2a9 (base 16) to base 12
489
11111110101001 (base 2) to base 16
3fa9
What is -161 (base 9) in base 3?
-12001
Convert 12354 (base 6) to base 15.
84a
908b (base 16) to base 7
212611
-1218 (base 9) to base 11
-756
Convert -10b (base 12) to base 6.
-415
-132331 (base 4) to base 8
-3675
Convert -4379 (base 14) to base 16.
-2d97
-111111001 (base 2) to base 9
-621
751 (base 11) to base 4
32013
Convert 371 (base 11) to base 4.
12321
-348a (base 15) to base 2
-10101110010011
What is -1462 (base 8) in base 15?
-398
-333131 (base 4) to base 13
-1b05
-4 (base 14) to base 15
-4
-2097 (base 16) to base 9
-12400
Convert -12102 (base 3) to base 8.
-222
-4a2 (base 15) to base 11
-877
Convert 5203 (base 10) to base 15.
181d
Convert 1010001100010 (base 2) to base 3.
21011021
What is 11112202010 (base 3) in base 15?
1b7a6
What is 27c (base 14) in base 6?
2154
Convert 46120 (base 8) to base 2.
100110001010000
Convert -111222 (base 3) to base 12.
-275
Convert -2f2e (base 16) to base 10.
-12078
What is -332510 (base 6) in base 3?
-1102011220
Convert 3aa4 (base 14) to base 8.
24140
560 (base 13) to base 6
4135
Convert 1000111010100110 (base 2) to base 10.
36518
-850 (base 13) to base 5
-21132
857 (base 16) to base 7
6140
1363 (base 7) to base 8
1027
202212 (base 4) to base 14
b42
Convert 162 (base 16) to base 12.
256
2280 (base 10) to base 7
6435
Convert e78 (base 15) to base 12.
1a7b
What is 256 (base 9) in base 6?
553
-13210132 (base 4) to base 13
-11161
What is -125d8 (base 16) in base 10?
-75224
-2a02 (base 12) to base 10
-4898
Convert -3ac (base 16) to base 6.
-4204
61060 (base 7) to base 3
202021211
978 (base 11) to base 9
1544
Convert b5 (base 14) to base 4.
2133
-10011100111 (base 2) to base 5
-20010
Convert 5a7 (base 15) to base 2.
10100000010
What is 304454 (base 6) in base 5?
1234440
Convert -1411 (base 5) to base 13.
-14a
4130 (base 6) to base 8
1626
-10101001000011 (base 2) to base 4
-2221003
What is -5363 (base 9) in base 14?
-161b
Convert -157 (base 12) to base 16.
-d3
What is -110111100 (base 2) in base 12?
-310
What is 54 (base 15) in base 14?
59
116 (base 12) to base 16
a2
165 (base 14) to base 2
100011101
4ca (base 15) to base 8
2102
44bc (base 15) to base 13
6834
What is -1b7 (base 12) in base 11?
-238
What is 2321 (base 9) in base 10?
1720
What is 7868 (base 9) in base 16?
16b5
What is -11000 (base 6) in base 7?
-4260
What is 654 (base 12) in base 2?
1110100000
2210100 (base 3) to base 12
1216
-121323 (base 4) to base 14
-867
What is 843 (base 13) in base 5?
21112
855 (base 12) to base 15
562
Convert 303503 (base 6) to base 13.
acc5
What is -1000321 (base 4) in base 12?
-24a1
What is -1565 (base 7) in base 5?
-10020
-10323011 (base 4) to base 15
-5e95
What is -1c7c (base 13) in base 16?
-10e8
Convert 1332 (base 4) to base 11.
105
What is 2579 (base 10) in base 12?
15ab
What is -154c (base 14) in base 3?
-12012110
-1101010011100011 (base 2) to base 16
-d4e3
Convert 1151 (base 7) to base 9.
525
Convert d62 (base 15) to base 11.
22a3
40305 (base 6) to base 7
21305
What is -312424 (base 5) in base 15?
-310e
Convert -2202 (base 5) to base 4.
-10232
Convert 3200 (base 6) to base 14.
396
What is 1021041 (base 5) in base 16?
427d
C